 4) to base 10
15
7 (base 9) to base 16
7
Convert 2 (base 4) to base 5.
2
200 (base 3) to base 5
33
What is 16 (base 8) in base 2?
1110
Convert -120 (base 3) to base 12.
-13
1 (base 6) to base 13
1
4 (base 10) to base 2
100
What is -1 (base 7) in base 15?
-1
Convert 11 (base 3) to base 13.
4
What is 1 (base 8) in base 9?
1
Convert 1 (base 9) to base 3.
1
What is 1b (base 14) in base 10?
25
2 (base 4) to base 7
2
Convert -10 (base 3) to base 2.
-11
What is 0 (base 13) in base 2?
0
11000 (base 2) to base 10
24
Convert -c (base 14) to base 8.
-14
-31 (base 12) to base 16
-25
Convert -115 (base 7) to base 5.
-221
12 (base 5) to base 12
7
-100110011 (base 2) to base 10
-307
Convert -1c (base 16) to base 10.
-28
What is 11 (base 7) in base 5?
13
5 (base 7) to base 5
10
-2 (base 11) to base 10
-2
121 (base 8) to base 7
144
Convert 2 (base 5) to base 12.
2
Convert -1122 (base 4) to base 3.
-10100
What is 4 (base 5) in base 3?
11
What is -6 (base 12) in base 8?
-6
Convert -1 (base 14) to base 9.
-1
1 (base 7) to base 2
1
Convert 13 (base 9) to base 13.
c
Convert 0 (base 15) to base 11.
0
1 (base 14) to base 8
1
Convert 2023 (base 4) to base 14.
9d
-71 (base 11) to base 15
-53
-17 (base 16) to base 7
-32
What is 201 (base 3) in base 10?
19
What is -44 (base 9) in base 3?
-1111
Convert 18 (base 10) to base 7.
24
-140 (base 5) to base 13
-36
What is 20 (base 15) in base 8?
36
What is -c7 (base 16) in base 6?
-531
Convert 3 (base 6) to base 9.
3
What is 0 (base 3) in base 15?
0
What is 82 (base 11) in base 9?
110
Convert 10a (base 13) to base 11.
153
Convert 1101 (base 5) to base 7.
304
Convert 2130 (base 4) to base 8.
234
What is -6 (base 14) in base 3?
-20
Convert 5 (base 13) to base 15.
5
15 (base 7) to base 2
1100
Convert 0 (base 13) to base 11.
0
c (base 15) to base 8
14
What is 6a (base 11) in base 10?
76
Convert -6 (base 9) to base 11.
-6
-9 (base 14) to base 3
-100
What is 1 (base 4) in base 7?
1
What is -5c (base 15) in base 4?
-1113
What is 58 (base 13) in base 3?
2201
-5 (base 14) to base 6
-5
Convert 4 (base 6) to base 13.
4
Convert d (base 14) to base 13.
10
100 (base 4) to base 7
22
Convert -1a (base 13) to base 7.
-32
Convert -31 (base 8) to base 11.
-23
111 (base 2) to base 12
7
7 (base 9) to base 13
7
36 (base 12) to base 2
101010
Convert b6 (base 16) to base 3.
20202
What is -3 (base 4) in base 12?
-3
What is -4 (base 16) in base 4?
-10
What is -13 (base 14) in base 12?
-15
13 (base 8) to base 13
b
1042 (base 7) to base 2
101110101
55 (base 11) to base 6
140
184 (base 10) to base 15
c4
Convert -103 (base 4) to base 8.
-23
167 (base 11) to base 5
1234
Convert -1a (base 15) to base 8.
-31
Convert -9 (base 10) to base 5.
-14
What is 3131 (base 4) in base 5?
1341
Convert -3 (base 15) to base 16.
-3
-7 (base 14) to base 2
-111
What is -4 (base 6) in base 15?
-4
-110 (base 2) to base 6
-10
-17 (base 11) to base 15
-13
0 (base 14) to base 7
0
What is 2 (base 4) in base 13?
2
What is 2 (base 9) in base 4?
2
Convert 8 (base 11) to base 14.
8
Convert -cb (base 14) to base 2.
-10110011
What is 0 (base 6) in base 11?
0
What is -8 (base 14) in base 13?
-8
Convert 399 (base 10) to base 5.
3044
Convert -4 (base 15) to base 5.
-4
Convert 3 (base 7) to base 13.
3
102 (base 5) to base 6
43
8 (base 11) to base 12
8
4c (base 16) to base 8
114
What is -1000 (base 3) in base 15?
-1c
Convert -130 (base 4) to base 8.
-34
What is -1000001 (base 2) in base 4?
-1001
a7 (base 12) to base 10
127
What is 134 (base 6) in base 11?
53
What is -a (base 12) in base 9?
-11
What is 9 (base 13) in base 15?
9
What is -101 (base 3) in base 10?
-10
Convert -10 (base 5) to base 6.
-5
-1310 (base 4) to base 6
-312
5 (base 8) to base 2
101
-2 (base 12) to base 10
-2
95 (base 13) to base 7
233
-51 (base 6) to base 15
-21
What is 101 (base 2) in base 5?
10
What is -15 (base 16) in base 5?
-41
What is 304 (base 5) in base 4?
1033
-24 (base 5) to base 11
-13
Convert 17 (base 9) to base 4.
100
What is 1010 (base 3) in base 13?
24
What is -52 (base 8) in base 15?
-2c
Convert -15 (base 14) to base 6.
-31
What is -1404 (base 5) in base 9?
-274
-103 (base 9) to base 12
-70
-21 (base 16) to base 9
-36
-6 (base 9) to base 4
-12
1 (base 14) to base 5
1
-1001 (base 3) to base 15
-1d
12 (base 7) to base 8
11
What is -7 (base 13) in base 9?
-7
35 (base 6) to base 2
10111
101 (base 2) to base 6
5
Convert -5 (base 13) to base 16.
-5
What is 82 (base 16) in base 9?
154
What is 222 (base 3) in base 9?
28
-4 (base 15) to base 6
-4
Convert -65 (base 12) to base 6.
-205
What is 2 (base 12) in base 10?
2
What is -7 (base 15) in base 10?
-7
Convert -200 (base 3) to base 4.
-102
What is 4 (base 16) in base 10?
4
Convert 1 (base 14) to base 13.
1
Convert -3 (base 6) to base 7.
-3
What is -125 (base 10) in base 4?
-1331
What is -1002 (base 5) in base 3?
-11201
42 (base 9) to base 15
28
Convert -1 (base 10) to base 11.
-1
What is 16 (base 7) in base 4?
31
-24 (base 6) to base 13
-13
Convert 21 (base 13) to base 3.
1000
What is -20 (base 4) in base 6?
-12
What is 0 (base 6) in base 7?
0
29 (base 12) to base 13
27
-12 (base 11) to base 13
-10
What is 2 (base 12) in base 9?
2
-4 (base 16) to base 10
-4
What is -102 (base 4) in base 8?
-22
Convert -54 (base 14) to base 9.
-82
Convert -2 (base 7) to base 13.
-2
What is 1 (base 13) in base 8?
1
33 (base 5) to base 12
16
What is -32 (base 4) in base 10?
-14
What is 35 (base 6) in base 13?
1a
Convert 2 (base 12) to base 13.
2
What is -5 (base 11) in base 12?
-5
201 (base 4) to base 3
1020
What is 1b (base 14) in base 8?
31
Convert -12 (base 11) to base 13.
-10
Convert 4 (base 14) to base 11.
4
-7 (base 14) to base 2
-111
What is -2 (base 6) in base 16?
-2
-3 (base 13) to base 14
-3
What is 1 (base 7) in base 11?
1
Convert 2 (base 7) to base 4.
2
What is -265 (base 8) in base 13?
-10c
Convert -440 (base 5) to base 8.
-170
Convert -100 (base 3) to base 8.
-11
Convert 3311 (base 4) to base 9.
302
11011 (base 3) to base 12
94
What is -4 (base 11) in base 10?
-4
-1 (base 12) to base 10
-1
0 (base 16) to base 4
0
-4 (base 5) to base 3
-11
Convert -64 (base 8) to base 9.
-57
-96 (base 12) to base 6
-310
Convert -4 (base 8) to base 3.
-11
What is 21 (base 3) in base 7?
10
-22 (base 12) to base 3
-222
-2002 (base 3) to base 11
-51
What is -57 (base 9) in base 14?
-3a
What is 10 (base 4) in base 9?
4
What is 20222 (base 3) in base 8?
274
Convert 103 (base 6) to base 14.
2b
-2 (base 10) to base 13
-2
27 (base 15) to base 8
45
Convert -4 (base 9) to base 12.
-4
Convert 4 (base 7) to base 4.
10
What is 33 (base 7) in base 3?
220
2 (base 9) to base 6
2
-1440 (base 5) to base 4
-3311
What is -6 (base 8) in base 3?
-20
What is 10 (base 11) in base 6?
15
Convert 3 (base 7) to base 16.
3
-1 (base 11) to base 9
-1
Convert 30 (base 13) to base 2.
100111
What is 111001 (base 2) in base 7?
111
What is 27 (base 11) in base 14?
21
What is -3 (base 12) in base 7?
-3
305 (base 9) to base 12
188
-1c (base 13) to base 9
-27
Convert 12 (base 15) to base 9.
18
Convert -4 (base 13) to base 5.
-4
Convert 9 (base 13) to base 4.
21
9d (base 15) to base 5
1043
What is 105 (base 10) in base 5?
410
What is 111010 (base 2) in base 6?
134
Convert -100 (base 5) to base 14.
-1b
Convert 240 (base 5) to base 15.
4a
2 (base 16) to base 9
2
137 (base 9) to base 13
8b
3 (base 15) to base 8
3
379 (base 10) to base 6
1431
-101 (base 2) to base 15
-5
What is -11 (base 2) in base 4?
-3
-210 (base 3) to base 16
-15
What is 10010 (base 2) in base 5?
33
Convert -22 (base 11) to base 15.
-19
21 (base 3) to base 4
13
Convert 3 (base 7) to base 14.
3
Convert -68 (base 14) to base 6.
-232
What is 33 (base 5) in base 12?
16
What is 52 (base 6) in base 12?
28
What is 1034 (base 5) in base 12?
100
What is -4 (base 10) in base 14?
-4
What is -10 (base 6) in base 2?
-110
What is 7 (base 8) in base 4?
13
Convert -1011100 (base 2) to base 16.
-5c
12 (base 13) to base 6
23
Convert 119 (base 12) to base 3.
20010
Convert -13b (base 16) to base 6.
-1243
What is -6 (base 8) in base 14?
-6
-3 (base 13) to base 9
-3
Convert 14 (base 11) to base 2.
1111
1 (base 9) to base 6
1
What is 121 (base 9) in base 10?
100
a (base 14) to base 6
14
What is -1 (base 4) in base 2?
-1
Convert a (base 16) to base 7.
13
-103 (base 6) to base 12
-33
